a(t) = -15*t - 15. Let d be a(-8). Calculate the greatest common divisor of v and d.
35
Let m = -28399 - -34427. Calculate the highest common factor of m and 176.
44
Let a be 6/4*(8 - (10 + -4)). Suppose 0 = 6*s - 7*s + a. Let r = 13 + 14. Calculate the highest common factor of r and s.
3
Let v be 5/(-1) + 38/(-38). Let s be (-4)/(312/54 + v). Calculate the highest common factor of 36 and s.
18
Suppose -z + 1681 = s, 0 = -3*s + 35 - 32. Calculate the highest common divisor of 3248 and z.
112
Let z(i) = 2*i**2 + 12*i + 8. Let v be z(-5). Let m be -8*(v - (-32)/(-2)). What is the greatest common factor of 216 and m?
72
Let t(l) be the second derivative of l**5/10 - l**4/4 - 2*l**3/3 - l**2/2 + 7*l + 1. Let p be t(3). What is the greatest common factor of p and 77?
7
Suppose 1 = -5*j - y + 13, -6 = -5*j + 2*y. Suppose -18*i + 17*i = 5, 3*w = j*i + 67. What is the greatest common factor of 1045 and w?
19
Let q(f) = 127*f + 37 - 142*f - 184. Let j be q(-11). Calculate the greatest common factor of j and 78.
6
Let d = 7 - 4. Suppose -h - 17 = -13, d*o - 547 = -5*h. Calculate the greatest common divisor of o and 7.
7
Suppose 0*p - 12 = -6*p. Suppose -2*l = -3*n - 19, n + p*n - 21 = -3*l. Let t = 117 - 45. Calculate the greatest common divisor of t and l.
8
Let i(x) = 162*x**2 + 14*x - 311. Let q be i(-13). What is the greatest common factor of q and 95?
95
Let b = 253 - 98. Let s = 266 - b. What is the greatest common divisor of s and 37?
37
Let v(n) = -187*n + 1374. Let k be v(6). Calculate the greatest common factor of 84 and k.
84
Let l = 2318 + -1537. Suppose -l - 187 = -i. What is the highest common factor of 8 and i?
8
Let g be (444/15)/((-6)/(-15)). Let q = 124 + g. Suppose -5*x + 86 = -24. Calculate the greatest common factor of x and q.
22
Let t be 1852/60 - 2/(-15). Let g = 605 + -335. Let z = g - 53. Calculate the greatest common factor of z and t.
31
Suppose -255 = -2*q - 13*q. Suppose -3*i + q = -1. Suppose 5*c - 580 = 5*b, -i*c + 2*b = -9*c + 343. Calculate the highest common factor of 46 and c.
23
Let a be (-210)/30*4/(-7). Suppose f - a*u - 17 = 0, -2 + 1 = f + 5*u. Calculate the highest common divisor of f and 9.
9
Let f be 2933*((-12)/21 + (-187)/(-119)). What is the greatest common divisor of f and 28?
7
Let a be (1074/(-105) - 4/7)/(176/(-31240)). Calculate the greatest common factor of a and 71.
71
Suppose -16*z - 99 = -3235. Let l = z - 157. What is the highest common factor of 312 and l?
39
Suppose -11 = -9*q + 79. Suppose 4*k + 90 = q*k. Suppose -180 = f - 5*f. Calculate the greatest common divisor of f and k.
15
Let p = 1504 + 1570. What is the highest common divisor of 106 and p?
106
Suppose 5*g - 18 + 3 = 3*c, 26 = g + 4*c. Suppose d + k = 1, 3*k = 3*d + g - 27. Suppose 36 = 4*y - d. What is the highest common factor of y and 40?
10
Let d be (10/((-80)/24))/((-6)/(-4)). Let a be (27808/55)/16 + d/(-5). Calculate the highest common divisor of a and 560.
16
Let j be ((-44)/8)/((-2)/16). Suppose 4*g + j = 112. Suppose -102 = -x - 2*o + 17, -3*x + 357 = -o. What is the greatest common divisor of x and g?
17
Suppose 7*o - 5*o - 30 = 5*f, 4*o = f + 24. Suppose 0 = o*n - 2*n - 504. Calculate the highest common divisor of 8 and n.
8
Let t = -9597 - -9765. Calculate the greatest common factor of t and 714.
42
Let o be 22 + -21 + (17 - -6). What is the greatest common divisor of 2712 and o?
24
Let b be (-78)/(-13) + 3 + 159. Suppose -g + 4*i + 104 = 0, -g + 3*i + b = 67. Calculate the highest common factor of g and 4.
4
Suppose -3*q + 143 = 5*o, 2*o - 2*q - 82 = -o. Let u = 26 - o. Let a be (u/(-7) - 582/(-21))*9. What is the greatest common divisor of 28 and a?
28
Let h = -611 - -878. Suppose -7 = 3*z - 5*l - 12, 3*z - 3 = 3*l. Suppose d - h + 71 = z. Calculate the highest common divisor of d and 28.
28
Suppose 9*h = -2*h - 22. Let a be 2 + (-3 - -2) - (-48 + h). Calculate the greatest common divisor of 527 and a.
17
Let r = 26970 - 26676. What is the greatest common factor of r and 318?
6
Let v be (0 - 21) + 9875 + (-3)/(6/8). Calculate the highest common divisor of 100 and v.
50
Suppose -61 = -4*b + 28*n - 27*n, 0 = -3*n + 9. What is the highest common factor of 9 and b?
1
Suppose -33436 + 154565 + 90189 = 38*j. Calculate the highest common divisor of 166 and j.
83
Suppose -5*z + 33 = 2*n, 3*z + 4*n - 57 = -54. Calculate the greatest common divisor of z and 291.
3
Suppose -j = -5*q - 109, -14*q + 18*q = 5*j - 398. What is the greatest common divisor of 6327 and j?
37
Suppose -7*c + 66*c = 8732. Suppose -4*i + 74 = -2*i. What is the highest common divisor of i and c?
37
Let a(c) = -59*c + 10 + 54*c + 5. Let y = -17 + 8. Let t be a(y). What is the greatest common divisor of t and 12?
12
Let v be 0 + (17 - -3)*3. Let j = 108 - v. Suppose 0 = -5*b + j + 22. What is the greatest common divisor of b and 14?
14
Suppose -k + 27 = 2*d, 5*d = -2*k + 61 - 12. What is the highest common factor of 111 and k?
37
Let d(b) = -b**2 + b**3 + 0*b - 3*b**2 + b. Let a be d(4). Let j be 24 + (-85)/102*-24. Calculate the highest common factor of a and j.
4
Let x(p) = 2*p**3 + p**2 + 5*p - 5. Let w be (-26)/65 + 24/10. Let z be x(w). Calculate the greatest common factor of z and 1.
1
Suppose 1249 = 4*u - 3*b, -4*u - 3*b + 947 = -284. Let a = u + -268. Calculate the highest common factor of a and 273.
21
Suppose 10*c - 126508 = -3*n, -3*n = -8*c + 10*c - 25292. Calculate the greatest common factor of c and 4.
4
Let n = 6038 + -5993. Calculate the greatest common divisor of n and 3450.
15
Suppose 3*f - 3*v - 39 = 0, 4*v + v + 39 = 3*f. Let k = f + -3. Suppose 103*t + 3*t - 280 = 1840. What is the highest common factor of t and k?
10
Let b = 26695 + -26646. Suppose 0 = 3*u + 12, -3*u + 9 + 7 = d. What is the highest common divisor of d and b?
7
Let l(g) = 3*g**2 + 22*g - 32. Let c be l(-9). Suppose 0 = 16*v - 32*v + 11024. What is the highest common divisor of c and v?
13
Let y = 15672 + -13874. Calculate the greatest common factor of 812 and y.
58
Suppose 2*q = -o - 111, q + o - 3*o = -68. Let x = 68 + q. Calculate the greatest common factor of 270 and x.
10
Suppose 161*s = 157*s + 2*v + 43716, 54642 = 5*s - 2*v. What is the highest common divisor of 90 and s?
18
Let g(d) = 658*d**3 - 3*d**2 + 3. Let m be g(1). Calculate the highest common factor of m and 752.
94
Let a be (70/28)/(((-4)/176)/(2/(-4))). What is the highest common factor of a and 5137?
11
Suppose 9*z = 12 + 24. Suppose -5*r - 9 = -2*x, 6*r = -2*x + z*r + 2. Let d be x - 7/(14/(-48)) - -2. Calculate the greatest common divisor of 2 and d.
2
Suppose 2*a - 2*o + 387 + 697 = 0, -5*a = -o + 2714. Let l = -303 - a. What is the highest common divisor of 20 and l?
20
Let h be ((-5358)/5)/(484/(-385) - 18/(-21)). What is the highest common divisor of 564 and h?
141
Let d(n) = 426*n - 2. Let t be d(1). Calculate the greatest common factor of t and 24.
8
Suppose 5*i = 5*j + 105, 4*j + 63 = 5*i - 25. Let x = 7 - 4. Let b = x - j. What is the greatest common divisor of 20 and b?
20
Let g = 58 - -2. Let q = -27684 + 27780. Calculate the highest common factor of q and g.
12
Suppose 0 = -8*g + 124*g - 679 - 829. What is the highest common divisor of g and 871?
13
Suppose 91 = 3*g + 346. Let t = g + 90. Calculate the greatest common divisor of t and 115.
5
Let o = 6026 + -5949. What is the greatest common factor of 352 and o?
11
Suppose 3*g - 5*k = -220 - 31, -5*g - 393 = -2*k. Let u = g + 105. Calculate the highest common factor of 7 and u.
7
Let o = 2684 + -2682. Let k(p) = -16*p + 1. Let f be k(-7). Suppose 4*q + o*s - 230 = 0, 2*q - f = -4*s - 1. Calculate the highest common divisor of 145 and q.
29
Suppose 1069 = -29*n + 1156. What is the highest common divisor of 3270 and n?
3
Suppose -249*u - 252 = -125*u - 136*u. What is the greatest common factor of 1414 and u?
7
Let b be (-1)/(5/405*-3). Let q = 67 - b. Suppose 3*t - q = -4*m, -9 = -t - 4*m - 1. Calculate the greatest common divisor of t and 24.
8
Suppose -29*p + 38*p - 18 = 0. Suppose p*r + 3*x = 620, r - 10*x + 11*x - 308 = 0. What is the highest common divisor of 16 and r?
16
Let r(o) = -o**3 + 5*o**2 - 3*o - 6. Let h be r(3). Suppose 0 = -h*b + 150 - 144. Let k be (-70)/(-21)*3/b. Calculate the highest common factor of 20 and k.
5
Let y(g)